{"id":347,"date":"2023-07-17T21:36:43","date_gmt":"2023-07-17T19:36:43","guid":{"rendered":"https:\/\/section-plaisance-istres.fr\/?page_id=347"},"modified":"2023-10-13T21:32:09","modified_gmt":"2023-10-13T19:32:09","slug":"mayday","status":"publish","type":"page","link":"https:\/\/section-plaisance-istres.fr\/index.php\/mayday\/","title":{"rendered":"Mayday !"},"content":{"rendered":"\t\t<div data-elementor-type=\"wp-page\" data-elementor-id=\"347\" class=\"elementor elementor-347\">\n\t\t\t\t\t\t\t\t\t<section class=\"elementor-section elementor-top-section elementor-element elementor-element-cef2f2a elementor-section-boxed elementor-section-height-default elementor-section-height-default\" data-id=\"cef2f2a\" data-element_type=\"section\">\n\t\t\t\t\t\t<div class=\"elementor-container elementor-column-gap-default\">\n\t\t\t\t\t<div class=\"elementor-column elementor-col-100 elementor-top-column elementor-element elementor-element-2cd0ad4\" data-id=\"2cd0ad4\" data-element_type=\"column\">\n\t\t\t<div class=\"elementor-widget-wrap elementor-element-populated\">\n\t\t\t\t\t\t\t\t<div class=\"elementor-element elementor-element-e44bf18 elementor-widget elementor-widget-text-editor\" data-id=\"e44bf18\" data-element_type=\"widget\" data-widget_type=\"text-editor.default\">\n\t\t\t\t<div class=\"elementor-widget-container\">\n\t\t\t<style>\/*! elementor - v3.14.0 - 26-06-2023 *\/\n.elementor-widget-text-editor.elementor-drop-cap-view-stacked .elementor-drop-cap{background-color:#69727d;color:#fff}.elementor-widget-text-editor.elementor-drop-cap-view-framed .elementor-drop-cap{color:#69727d;border:3px solid;background-color:transparent}.elementor-widget-text-editor:not(.elementor-drop-cap-view-default) .elementor-drop-cap{margin-top:8px}.elementor-widget-text-editor:not(.elementor-drop-cap-view-default) .elementor-drop-cap-letter{width:1em;height:1em}.elementor-widget-text-editor .elementor-drop-cap{float:left;text-align:center;line-height:1;font-size:50px}.elementor-widget-text-editor .elementor-drop-cap-letter{display:inline-block}<\/style>\t\t\t\t<h2><span style=\"color: #ff0000;\"><strong>Urgence Absolue<\/strong><\/span><\/h2>\n<hr \/>\n<p><strong><span style=\"color: #3366ff;\">Contacter le C.R.O.S.S MED au\u00a0<span style=\"color: #ff0000;\">CANAL 16<\/span>\u00a0ou par t\u00e9l\u00e9phone au<span style=\"color: #ff0000;\">\u00a0<\/span><span style=\"color: #ff0000;\">04 94 61 16 16\u00a0<\/span>ou\u00a0<span style=\"color: #ff0000;\">196<\/span><span style=\"color: #ff0000;\">\u00a0<\/span>depuis un mobile<\/span><\/strong><\/p>\n<hr \/>\n<p><span style=\"color: #3366ff;\">Donnez\u00a0le <strong>nom du bateau<\/strong>, le <strong>type<\/strong>, votre <strong>position<\/strong> (ex\u00a0: coordonn\u00e9s dans GMAP, lieu dit, etc&#8230;), la <strong>raison de la d\u00e9tresse<\/strong> (avarie, voie d&rsquo;eau, etc&#8230;), le <strong>nombre de personnes<\/strong> \u00e0 bord et\u00a0leurs <strong>\u00e9tat sant\u00e9<\/strong>. <span style=\"color: #ff0000;\">Ne pas couper la communication sans en avoir re\u00e7u l&rsquo;ordre.<\/span><\/span><\/p>\n<p><span style=\"color: #3366ff;\"><strong>Privil\u00e9gier\u00a0le CANAL 16 VHF<\/strong> pour une g\u00e9olocalisation simplifi\u00e9e\u00a0:<\/span><\/p>\n<p><span style=\"color: #3366ff;\"><strong>\u00ab\u00a0MAYDAY,\u00a0MAYDAY,\u00a0MAYDAY<br \/>ICI MARLIN2<em>,\u00a0<\/em>MT734101<br \/>MAYDAY MARLIN2<em>,\u00a0<\/em>MT734101<em>,<\/em>\u00a0puis:\u00a0<br \/>&#8211;\u00a0<em>position navire,\u00a0<br \/>&#8211; nature D\u00e9tresse,\u00a0<br \/>&#8211; secours demand\u00e9s,\u00a0<br \/>&#8211; nombre de personnes \u00e0 bord,<br \/>&#8211; intentions responsable navire,<br \/>&#8211; tout renseignement facilitant les secours<\/em><br \/>A VOUS\u00a0(Over)<\/strong><\/span><\/p>\n<p><span style=\"color: #3366ff;\">Si la situation le justifie le C.R.O.S.S pourra vous demander de changer de canal pour ne pas surcharger la fr\u00e9quence.<\/span><\/p>\n<p><span style=\"color: #3366ff;\">Nota\u00a0: Avant de prendre la mer assurez vous que vos portables ont la localisation activ\u00e9e, les secours pourront s&rsquo;en servir pour vos g\u00e9olocaliser.<\/span><\/p>\n<hr \/>\n<p>\u00a0<\/p>\t\t\t\t\t\t<\/div>\n\t\t\t\t<\/div>\n\t\t\t\t<div class=\"elementor-element elementor-element-d5d54ba elementor-widget elementor-widget-image\" data-id=\"d5d54ba\" data-element_type=\"widget\" data-widget_type=\"image.default\">\n\t\t\t\t<div class=\"elementor-widget-container\">\n\t\t\t<style>\/*! elementor - v3.14.0 - 26-06-2023 *\/\n.elementor-widget-image{text-align:center}.elementor-widget-image a{display:inline-block}.elementor-widget-image a img[src$=\".svg\"]{width:48px}.elementor-widget-image img{vertical-align:middle;display:inline-block}<\/style>\t\t\t\t\t\t\t\t\t\t\t\t<img loading=\"lazy\" decoding=\"async\" width=\"1024\" height=\"704\" src=\"https:\/\/section-plaisance-istres.fr\/wp-content\/uploads\/2023\/07\/Frequences-1024x704.jpg\" class=\"attachment-large size-large wp-image-515\" alt=\"\" srcset=\"https:\/\/section-plaisance-istres.fr\/wp-content\/uploads\/2023\/07\/Frequences-1024x704.jpg 1024w, https:\/\/section-plaisance-istres.fr\/wp-content\/uploads\/2023\/07\/Frequences-300x206.jpg 300w, https:\/\/section-plaisance-istres.fr\/wp-content\/uploads\/2023\/07\/Frequences-768x528.jpg 768w, https:\/\/section-plaisance-istres.fr\/wp-content\/uploads\/2023\/07\/Frequences-600x412.jpg 600w, https:\/\/section-plaisance-istres.fr\/wp-content\/uploads\/2023\/07\/Frequences.jpg 1048w\" sizes=\"auto, (max-width: 1024px) 100vw, 1024px\" \/>\t\t\t\t\t\t\t\t\t\t\t\t\t\t\t<\/div>\n\t\t\t\t<\/div>\n\t\t\t\t<div class=\"elementor-element elementor-element-d9e1d14 elementor-widget elementor-widget-image\" data-id=\"d9e1d14\" data-element_type=\"widget\" data-widget_type=\"image.default\">\n\t\t\t\t<div class=\"elementor-widget-container\">\n\t\t\t\t\t\t\t\t\t\t\t\t\t\t\t<img loading=\"lazy\" decoding=\"async\" width=\"928\" height=\"720\" src=\"https:\/\/section-plaisance-istres.fr\/wp-content\/uploads\/2023\/07\/Frequence2.jpg\" class=\"attachment-large size-large wp-image-517\" alt=\"\" srcset=\"https:\/\/section-plaisance-istres.fr\/wp-content\/uploads\/2023\/07\/Frequence2.jpg 928w, https:\/\/section-plaisance-istres.fr\/wp-content\/uploads\/2023\/07\/Frequence2-300x233.jpg 300w, https:\/\/section-plaisance-istres.fr\/wp-content\/uploads\/2023\/07\/Frequence2-768x596.jpg 768w, https:\/\/section-plaisance-istres.fr\/wp-content\/uploads\/2023\/07\/Frequence2-600x466.jpg 600w\" sizes=\"auto, (max-width: 928px) 100vw, 928px\" \/>\t\t\t\t\t\t\t\t\t\t\t\t\t\t\t<\/div>\n\t\t\t\t<\/div>\n\t\t\t\t\t<\/div>\n\t\t<\/div>\n\t\t\t\t\t\t\t<\/div>\n\t\t<\/section>\n\t\t\t\t\t\t\t<\/div>\n\t\t","protected":false},"excerpt":{"rendered":"<p>Urgence Absolue Contacter le C.R.O.S.S MED au\u00a0CANAL 16\u00a0ou par t\u00e9l\u00e9phone au\u00a004 94 61 16 16\u00a0ou\u00a0196\u00a0depuis un mobile Donnez\u00a0le nom du bateau, le type, votre position (ex\u00a0: coordonn\u00e9s dans GMAP, lieu dit, etc&#8230;), la raison de la d\u00e9tresse (avarie, voie d&rsquo;eau, etc&#8230;), le nombre de personnes \u00e0 bord et\u00a0leurs \u00e9tat sant\u00e9. Ne pas couper la communication &hellip;<\/p>\n<p class=\"read-more\"> <a class=\"\" href=\"https:\/\/section-plaisance-istres.fr\/index.php\/mayday\/\"> <span class=\"screen-reader-text\">Mayday !<\/span> Lire la suite\u00a0\u00bb<\/a><\/p>\n","protected":false},"author":1,"featured_media":0,"parent":0,"menu_order":0,"comment_status":"closed","ping_status":"closed","template":"","meta":{"site-sidebar-layout":"default","site-content-layout":"default","ast-global-header-display":"","ast-banner-title-visibility":"","ast-main-header-display":"","ast-hfb-above-header-display":"","ast-hfb-below-header-display":"","ast-hfb-mobile-header-display":"","site-post-title":"","ast-breadcrumbs-content":"","ast-featured-img":"","footer-sml-layout":"","theme-transparent-header-meta":"","adv-header-id-meta":"","stick-header-meta":"","header-above-stick-meta":"","header-main-stick-meta":"","header-below-stick-meta":"","footnotes":""},"class_list":["post-347","page","type-page","status-publish","hentry"],"acf":[],"_links":{"self":[{"href":"https:\/\/section-plaisance-istres.fr\/index.php\/wp-json\/wp\/v2\/pages\/347","targetHints":{"allow":["GET"]}}],"collection":[{"href":"https:\/\/section-plaisance-istres.fr\/index.php\/wp-json\/wp\/v2\/pages"}],"about":[{"href":"https:\/\/section-plaisance-istres.fr\/index.php\/wp-json\/wp\/v2\/types\/page"}],"author":[{"embeddable":true,"href":"https:\/\/section-plaisance-istres.fr\/index.php\/wp-json\/wp\/v2\/users\/1"}],"replies":[{"embeddable":true,"href":"https:\/\/section-plaisance-istres.fr\/index.php\/wp-json\/wp\/v2\/comments?post=347"}],"version-history":[{"count":14,"href":"https:\/\/section-plaisance-istres.fr\/index.php\/wp-json\/wp\/v2\/pages\/347\/revisions"}],"predecessor-version":[{"id":1007,"href":"https:\/\/section-plaisance-istres.fr\/index.php\/wp-json\/wp\/v2\/pages\/347\/revisions\/1007"}],"wp:attachment":[{"href":"https:\/\/section-plaisance-istres.fr\/index.php\/wp-json\/wp\/v2\/media?parent=347"}],"curies":[{"name":"wp","href":"https:\/\/api.w.org\/{rel}","templated":true}]}}