{"id":653,"date":"2023-08-25T22:18:26","date_gmt":"2023-08-25T20:18:26","guid":{"rendered":"https:\/\/section-plaisance-istres.fr\/index.php\/produit\/inscription-section-membre-actif\/"},"modified":"2025-10-06T16:16:07","modified_gmt":"2025-10-06T14:16:07","slug":"inscription-section-membre-actif","status":"publish","type":"product","link":"https:\/\/section-plaisance-istres.fr\/index.php\/produit\/inscription-section-membre-actif\/","title":{"rendered":"Adh\u00e9sion annuelle \u00e0 la section plaisance pour l&rsquo;ann\u00e9e 2025\/2026"},"content":{"rendered":"<p>Bienvenue \u00e0 la section plaisance !<\/p>\n<p>Cette adh\u00e9sion vous donne acc\u00e8s aux diff\u00e9rentes embarcations que propose la section pour l&rsquo;ann\u00e9e 2025\/2026.<\/p>\n<p>La location du kayak ainsi que des paddles sera accessible d\u00e8s votre inscription valid\u00e9e.<\/p>\n<p>Pour la r\u00e9servation des bateaux il vous faudra \u00eatre l\u00e2ch\u00e9 par un responsable de la section pour y acc\u00e9der.<\/p>\n<p>Veuillez prendre connaissance du r\u00e8glement int\u00e9rieur de la section:<\/p>\n<p><a href=\"https:\/\/section-plaisance-istres.fr\/wp-content\/uploads\/2023\/07\/Reglement_Section_Plaisance_2020_v10.pdf\">R\u00e8glement_Section_Plaisance_2020_v10<\/a><\/p>\n","protected":false},"excerpt":{"rendered":"<p>Bienvenue \u00e0 la section plaisance ! Cette adh\u00e9sion vous donne acc\u00e8s aux diff\u00e9rentes embarcations que propose la section pour l&rsquo;ann\u00e9e 2025\/2026. La location du kayak ainsi que des paddles sera accessible d\u00e8s votre inscription valid\u00e9e. Pour la r\u00e9servation des bateaux il vous faudra \u00eatre l\u00e2ch\u00e9 par un responsable de la section pour y acc\u00e9der. Veuillez &hellip;<\/p>\n<p class=\"read-more\"> <a class=\"\" href=\"https:\/\/section-plaisance-istres.fr\/index.php\/produit\/inscription-section-membre-actif\/\"> <span class=\"screen-reader-text\">Adh\u00e9sion annuelle \u00e0 la section plaisance pour l&rsquo;ann\u00e9e 2025\/2026<\/span> Lire la suite\u00a0\u00bb<\/a><\/p>\n","protected":false},"featured_media":0,"comment_status":"open","ping_status":"closed","template":"","meta":{"site-sidebar-layout":"default","site-content-layout":"default","ast-global-header-display":"","ast-banner-title-visibility":"","ast-main-header-display":"","ast-hfb-above-header-display":"","ast-hfb-below-header-display":"","ast-hfb-mobile-header-display":"","site-post-title":"","ast-breadcrumbs-content":"","ast-featured-img":"","footer-sml-layout":"","theme-transparent-header-meta":"default","adv-header-id-meta":"","stick-header-meta":"","header-above-stick-meta":"","header-main-stick-meta":"","header-below-stick-meta":""},"product_cat":[24],"product_tag":[],"class_list":["post-653","product","type-product","status-publish","hentry","product_cat-non-classe","desktop-align-left","tablet-align-left","mobile-align-left"],"acf":[],"_links":{"self":[{"href":"https:\/\/section-plaisance-istres.fr\/index.php\/wp-json\/wp\/v2\/product\/653","targetHints":{"allow":["GET"]}}],"collection":[{"href":"https:\/\/section-plaisance-istres.fr\/index.php\/wp-json\/wp\/v2\/product"}],"about":[{"href":"https:\/\/section-plaisance-istres.fr\/index.php\/wp-json\/wp\/v2\/types\/product"}],"replies":[{"embeddable":true,"href":"https:\/\/section-plaisance-istres.fr\/index.php\/wp-json\/wp\/v2\/comments?post=653"}],"wp:attachment":[{"href":"https:\/\/section-plaisance-istres.fr\/index.php\/wp-json\/wp\/v2\/media?parent=653"}],"wp:term":[{"taxonomy":"product_cat","embeddable":true,"href":"https:\/\/section-plaisance-istres.fr\/index.php\/wp-json\/wp\/v2\/product_cat?post=653"},{"taxonomy":"product_tag","embeddable":true,"href":"https:\/\/section-plaisance-istres.fr\/index.php\/wp-json\/wp\/v2\/product_tag?post=653"}],"curies":[{"name":"wp","href":"https:\/\/api.w.org\/{rel}","templated":true}]}}